{"id":46,"date":"2019-03-08T14:30:59","date_gmt":"2019-03-08T13:30:59","guid":{"rendered":"https:\/\/www.prienavera.de\/?page_id=46"},"modified":"2026-04-23T17:02:09","modified_gmt":"2026-04-23T15:02:09","slug":"impressum","status":"publish","type":"page","link":"https:\/\/www.prienavera.de\/de\/impressum\/","title":{"rendered":"Impressum"},"content":{"rendered":"<p>[vc_row][vc_column]\n    <div class=\"swiper-container\">\n        <div class=\"swiper-wrapper\">    <div class=\"swiper-slide\">\n        <div class=\"gradient-overlay--primary\"><\/div>\n        <img decoding=\"async\" src=\"https:\/\/www.prienavera.de\/wp-content\/uploads\/2019\/04\/prienavera-am-chiemsee.jpg\" srcset=\"https:\/\/www.prienavera.de\/wp-content\/uploads\/2019\/04\/prienavera-am-chiemsee.jpg 1760w, https:\/\/www.prienavera.de\/wp-content\/uploads\/2019\/04\/prienavera-am-chiemsee-300x136.jpg 300w, https:\/\/www.prienavera.de\/wp-content\/uploads\/2019\/04\/prienavera-am-chiemsee-768x349.jpg 768w, https:\/\/www.prienavera.de\/wp-content\/uploads\/2019\/04\/prienavera-am-chiemsee-1024x465.jpg 1024w,https:\/\/www.prienavera.de\/wp-content\/uploads\/2019\/04\/prienavera-am-chiemsee.jpg 1760w, https:\/\/www.prienavera.de\/wp-content\/uploads\/2019\/04\/prienavera-am-chiemsee-300x136.jpg 300w, https:\/\/www.prienavera.de\/wp-content\/uploads\/2019\/04\/prienavera-am-chiemsee-768x349.jpg 768w, https:\/\/www.prienavera.de\/wp-content\/uploads\/2019\/04\/prienavera-am-chiemsee-1024x465.jpg 1024w,https:\/\/www.prienavera.de\/wp-content\/uploads\/2019\/04\/prienavera-am-chiemsee.jpg 1760w, https:\/\/www.prienavera.de\/wp-content\/uploads\/2019\/04\/prienavera-am-chiemsee-300x136.jpg 300w, https:\/\/www.prienavera.de\/wp-content\/uploads\/2019\/04\/prienavera-am-chiemsee-768x349.jpg 768w, https:\/\/www.prienavera.de\/wp-content\/uploads\/2019\/04\/prienavera-am-chiemsee-1024x465.jpg 1024w\"\n                                    sizes=\"(max-width: 320px) 280px,\n                                           (max-width: 800px) 440px,\n                                           1600px\"\n                                    src=\"https:\/\/www.prienavera.de\/wp-content\/uploads\/2019\/04\/prienavera-am-chiemsee.jpg 1760w, https:\/\/www.prienavera.de\/wp-content\/uploads\/2019\/04\/prienavera-am-chiemsee-300x136.jpg 300w, https:\/\/www.prienavera.de\/wp-content\/uploads\/2019\/04\/prienavera-am-chiemsee-768x349.jpg 768w, https:\/\/www.prienavera.de\/wp-content\/uploads\/2019\/04\/prienavera-am-chiemsee-1024x465.jpg 1024w\" class=\"swiper-slide__image\" alt=\"\">\n        \n        <div class=\"swiper-slide__container\">\n            <h1 class=\"swiper-slide__title color-overlay--white\"><\/h1>        <\/div>\n    <\/div>        <\/div>    <\/div>[\/vc_column][\/vc_row][vc_row][vc_column]    <div class=\"textblock\"><\/p>\n<h1><span style=\"color: #003889;\">Impressum<\/span><\/h1>\n<h2>Angaben gem\u00e4\u00df \u00a7 5 TMG<\/h2>\n<p>Chiemsee Marina GmbH<br \/>\nSeestra\u00dfe 120<br \/>\n83209 Prien am Chiemsee<\/p>\n<p>Handelsregister: HRB 24387<br \/>\nRegistergericht: Traunstein<\/p>\n<p><strong>Vertreten durch den Gesch\u00e4ftsf\u00fchrer:<\/strong><\/p>\n<p>Herrn Dirk Schr\u00f6der (Gesch\u00e4ftsf\u00fchrer)<\/p>\n<h2>Kontakt<\/h2>\n<p>Fax +49 8051 60957-20<br \/>\ninfo@prienavera.de<\/p>\n<h2>Umsatzsteuer-ID<\/h2>\n<p>Umsatzsteuer-Identifikationsnummer gem\u00e4\u00df \u00a727 a Umsatzsteuergesetz:<br \/>\nDE 199 361 803<\/p>\n<h2>Angaben zur Berufshaftpflichtversicherung<\/h2>\n<p><strong>Name und Sitz des Versicherers:<\/strong><br \/>\nAllianz Generalvertretung Teicher und Co. OHG<br \/>\nHochriesstr. 28<br \/>\n83209 Prien a. Chiemsee<\/p>\n<p><strong>Geltungsraum der Versicherung:\u00a0\u00a0Deutschland<\/strong><\/p>\n<h2>Streitschlichtung<\/h2>\n<p>Die Europ\u00e4ische Kommission stellt eine Plattform zur Online-Streitbeilegung (OS) bereit: <a href=\"https:\/\/ec.europa.eu\/consumers\/odr\" target=\"_blank\" rel=\"noopener noreferrer\">https:\/\/ec.europa.eu\/consumers\/odr<\/a>.<br \/>\nUnsere E-Mail-Adresse finden Sie oben im Impressum.<\/p>\n<p>Wir sind nicht bereit oder verpflichtet, an Streitbeilegungsverfahren vor einer Verbraucherschlichtungsstelle teilzunehmen.<\/p>\n<h3>Haftung f\u00fcr Inhalte<\/h3>\n<p>Als Diensteanbieter sind wir gem\u00e4\u00df \u00a7 7 Abs.1 TMG f\u00fcr eigene Inhalte auf diesen Seiten nach den allgemeinen Gesetzen verantwortlich. Nach \u00a7\u00a7 8 bis 10 TMG sind wir als Diensteanbieter jedoch nicht verpflichtet, \u00fcbermittelte oder gespeicherte fremde Informationen zu \u00fcberwachen oder nach Umst\u00e4nden zu forschen, die auf eine rechtswidrige T\u00e4tigkeit hinweisen.<\/p>\n<p>Verpflichtungen zur Entfernung oder Sperrung der Nutzung von Informationen nach den allgemeinen Gesetzen bleiben hiervon unber\u00fchrt. Eine diesbez\u00fcgliche Haftung ist jedoch erst ab dem Zeitpunkt der Kenntnis einer konkreten Rechtsverletzung m\u00f6glich. Bei Bekanntwerden von entsprechenden Rechtsverletzungen werden wir diese Inhalte umgehend entfernen.<\/p>\n<h3>Haftung f\u00fcr Links<\/h3>\n<p>Unser Angebot enth\u00e4lt Links zu externen Websites Dritter, auf deren Inhalte wir keinen Einfluss haben. Deshalb k\u00f6nnen wir f\u00fcr diese fremden Inhalte auch keine Gew\u00e4hr \u00fcbernehmen. F\u00fcr die Inhalte der verlinkten Seiten ist stets der jeweilige Anbieter oder Betreiber der Seiten verantwortlich. Die verlinkten Seiten wurden zum Zeitpunkt der Verlinkung auf m\u00f6gliche Rechtsverst\u00f6\u00dfe \u00fcberpr\u00fcft. Rechtswidrige Inhalte waren zum Zeitpunkt der Verlinkung nicht erkennbar.<\/p>\n<p>Eine permanente inhaltliche Kontrolle der verlinkten Seiten ist jedoch ohne konkrete Anhaltspunkte einer Rechtsverletzung nicht zumutbar. Bei Bekanntwerden von Rechtsverletzungen werden wir derartige Links umgehend entfernen.<\/p>\n<h3>Urheberrecht<\/h3>\n<p>Die durch die Seitenbetreiber erstellten Inhalte und Werke auf diesen Seiten unterliegen dem deutschen Urheberrecht. Die Vervielf\u00e4ltigung, Bearbeitung, Verbreitung und jede Art der Verwertung au\u00dferhalb der Grenzen des Urheberrechtes bed\u00fcrfen der schriftlichen Zustimmung des jeweiligen Autors bzw. Erstellers. Downloads und Kopien dieser Seite sind nur f\u00fcr den privaten, nicht kommerziellen Gebrauch gestattet.<\/p>\n<p>Soweit die Inhalte auf dieser Seite nicht vom Betreiber erstellt wurden, werden die Urheberrechte Dritter beachtet. Insbesondere werden Inhalte Dritter als solche gekennzeichnet. Sollten Sie trotzdem auf eine Urheberrechtsverletzung aufmerksam werden, bitten wir um einen entsprechenden Hinweis. Bei Bekanntwerden von Rechtsverletzungen werden wir derartige Inhalte umgehend entfernen.<\/p>\n<p>Quelle: <a href=\"https:\/\/www.e-recht24.de\">e-recht24.de<\/a>\n    <\/div>[\/vc_column][\/vc_row][vc_row][vc_column]    <div class=\"textblock\"><\/p>\n<h2>Bildquellen:<\/h2>\n<ul>\n<li>Tanja Ghirardini | <a href=\"http:\/\/www.taghira.de\/\" target=\"_blank\" rel=\"noopener noreferrer\">www.taghira.de<\/a><\/li>\n<li>WINGMEN Media |\u00a0<a href=\"https:\/\/www.wingmenmedia.de\/\" target=\"_blank\" rel=\"noopener noreferrer\">www.wingmenmedia.de<\/a><\/li>\n<li>Ulli Seer |\u00a0<a href=\"http:\/\/ulli-seer.de\/\" target=\"_blank\" rel=\"noopener noreferrer\">ulli-seer.de<\/a><\/li>\n<li>Paul Mayall<\/li>\n<li>Michaela R\u00f6pke<\/li>\n<li>Julia Kolibius<\/li>\n<li>Maria Bauer<\/li>\n<li>Siegfried Kerscher<\/li>\n<li>Markus Aichhorn &#8211; <a href=\"https:\/\/www.kuse.de\/\" target=\"_blank\" rel=\"noopener noreferrer\">KUSE.DE<\/a><\/li>\n<\/ul>\n<p>\n    <\/div>    <div class=\"textblock\"><\/p>\n<h2>Website Management<\/h2>\n<p>Mindplay Marketing\u00a0GmbH<br \/>\nNymphenburger Stra\u00dfe 25<br \/>\n80335 M\u00fcnchen<br \/>\nTelefon:\u00a0<a>+49 (0)89-5432-4500<br \/>\n<\/a>Email:\u00a0<a href=\"mailto:servus@mindplay-marketing.com\">servus@mindplay-marketing.com<\/a><br \/>\nWeb:\u00a0<a href=\"https:\/\/mindplay-marketing.com\/\" target=\"_blank\" rel=\"noopener noreferrer\">mindplay-marketing.com<\/a>\n    <\/div>    <div class=\"textblock\"><\/p>\n<h2>Konzept, Design und Entwicklung<\/h2>\n<p>nexxo &#8211; web agency<br \/>\nPrinzregentenstr. 89<br \/>\n81675 M\u00fcnchen<a><br \/>\n<\/a>E-Mail:\u00a0<a href=\"mailto:mail@nexxo.de\">mail@nexxo.de<\/a><br \/>\nWeb:\u00a0<a href=\"https:\/\/nexxo.de\" target=\"_blank\" rel=\"noopener noreferrer\">nexxo.de<\/a>\n    <\/div>    <div class=\"textblock\"><\/p>\n<h3><a href=\"https:\/\/www.prienavera.de\/wp-content\/uploads\/2026\/04\/2.9.1-haus-und-badeordnung.pdf\">2.9.1 Haus- und Badeordnung<\/a><\/h3>\n<p>\n    <\/div>[\/vc_column][\/vc_row]<\/p>\n","protected":false},"excerpt":{"rendered":"<p>[vc_row][vc_column][\/vc_column][\/vc_row][vc_row][vc_column][\/vc_column][\/vc_row][vc_row][vc_column][\/vc_column][\/vc_row]<\/p>\n","protected":false},"author":15,"featured_media":0,"parent":0,"menu_order":0,"comment_status":"closed","ping_status":"closed","template":"","meta":{"footnotes":""},"class_list":["post-46","page","type-page","status-publish","hentry"],"_links":{"self":[{"href":"https:\/\/www.prienavera.de\/de\/wp-json\/wp\/v2\/pages\/46\/"}],"collection":[{"href":"https:\/\/www.prienavera.de\/de\/wp-json\/wp\/v2\/pages\/"}],"about":[{"href":"https:\/\/www.prienavera.de\/de\/wp-json\/wp\/v2\/types\/page\/"}],"author":[{"embeddable":true,"href":"https:\/\/www.prienavera.de\/de\/wp-json\/wp\/v2\/users\/15\/"}],"replies":[{"embeddable":true,"href":"https:\/\/www.prienavera.de\/de\/wp-json\/wp\/v2\/comments\/?post=46"}],"version-history":[{"count":32,"href":"https:\/\/www.prienavera.de\/de\/wp-json\/wp\/v2\/pages\/46\/revisions\/"}],"predecessor-version":[{"id":3129,"href":"https:\/\/www.prienavera.de\/de\/wp-json\/wp\/v2\/pages\/46\/revisions\/3129\/"}],"wp:attachment":[{"href":"https:\/\/www.prienavera.de\/de\/wp-json\/wp\/v2\/media\/?parent=46"}],"curies":[{"name":"wp","href":"https:\/\/api.w.org\/{rel}","templated":true}]}}

<p>[vc_row][vc_column]
    <div class="swiper-container">
        <div class="swiper-wrapper">    <div class="swiper-slide">
        <div class="gradient-overlay--primary"></div>
        <img decoding="async" src="https://www.prienavera.de/wp-content/uploads/2019/04/prienavera-am-chiemsee.jpg" srcset="https://www.prienavera.de/wp-content/uploads/2019/04/prienavera-am-chiemsee.jpg 1760w, https://www.prienavera.de/wp-content/uploads/2019/04/prienavera-am-chiemsee-300x136.jpg 300w, https://www.prienavera.de/wp-content/uploads/2019/04/prienavera-am-chiemsee-768x349.jpg 768w, https://www.prienavera.de/wp-content/uploads/2019/04/prienavera-am-chiemsee-1024x465.jpg 1024w,https://www.prienavera.de/wp-content/uploads/2019/04/prienavera-am-chiemsee.jpg 1760w, https://www.prienavera.de/wp-content/uploads/2019/04/prienavera-am-chiemsee-300x136.jpg 300w, https://www.prienavera.de/wp-content/uploads/2019/04/prienavera-am-chiemsee-768x349.jpg 768w, https://www.prienavera.de/wp-content/uploads/2019/04/prienavera-am-chiemsee-1024x465.jpg 1024w,https://www.prienavera.de/wp-content/uploads/2019/04/prienavera-am-chiemsee.jpg 1760w, https://www.prienavera.de/wp-content/uploads/2019/04/prienavera-am-chiemsee-300x136.jpg 300w, https://www.prienavera.de/wp-content/uploads/2019/04/prienavera-am-chiemsee-768x349.jpg 768w, https://www.prienavera.de/wp-content/uploads/2019/04/prienavera-am-chiemsee-1024x465.jpg 1024w"
                                    sizes="(max-width: 320px) 280px,
                                           (max-width: 800px) 440px,
                                           1600px"
                                    src="https://www.prienavera.de/wp-content/uploads/2019/04/prienavera-am-chiemsee.jpg 1760w, https://www.prienavera.de/wp-content/uploads/2019/04/prienavera-am-chiemsee-300x136.jpg 300w, https://www.prienavera.de/wp-content/uploads/2019/04/prienavera-am-chiemsee-768x349.jpg 768w, https://www.prienavera.de/wp-content/uploads/2019/04/prienavera-am-chiemsee-1024x465.jpg 1024w" class="swiper-slide__image" alt="">
        
        <div class="swiper-slide__container">
            <h1 class="swiper-slide__title color-overlay--white"></h1>        </div>
    </div>        </div>    </div>[/vc_column][/vc_row][vc_row][vc_column]    <div class="textblock"></p>
<h1><span style="color: #003889;">Impressum</span></h1>
<h2>Angaben gemäß § 5 TMG</h2>
<p>Chiemsee Marina GmbH<br />
Seestraße 120<br />
83209 Prien am Chiemsee</p>
<p>Handelsregister: HRB 24387<br />
Registergericht: Traunstein</p>
<p><strong>Vertreten durch den Geschäftsführer:</strong></p>
<p>Herrn Dirk Schröder (Geschäftsführer)</p>
<h2>Kontakt</h2>
<p>Fax +49 8051 60957-20<br />
info@prienavera.de</p>
<h2>Umsatzsteuer-ID</h2>
<p>Umsatzsteuer-Identifikationsnummer gemäß §27 a Umsatzsteuergesetz:<br />
DE 199 361 803</p>
<h2>Angaben zur Berufshaftpflichtversicherung</h2>
<p><strong>Name und Sitz des Versicherers:</strong><br />
Allianz Generalvertretung Teicher und Co. OHG<br />
Hochriesstr. 28<br />
83209 Prien a. Chiemsee</p>
<p><strong>Geltungsraum der Versicherung:  Deutschland</strong></p>
<h2>Streitschlichtung</h2>
<p>Die Europäische Kommission stellt eine Plattform zur Online-Streitbeilegung (OS) bereit: <a href="https://ec.europa.eu/consumers/odr" target="_blank" rel="noopener noreferrer">https://ec.europa.eu/consumers/odr</a>.<br />
Unsere E-Mail-Adresse finden Sie oben im Impressum.</p>
<p>Wir sind nicht bereit oder verpflichtet, an Streitbeilegungsverfahren vor einer Verbraucherschlichtungsstelle teilzunehmen.</p>
<h3>Haftung für Inhalte</h3>
<p>Als Diensteanbieter sind wir gemäß § 7 Abs.1 TMG für eigene Inhalte auf diesen Seiten nach den allgemeinen Gesetzen verantwortlich. Nach §§ 8 bis 10 TMG sind wir als Diensteanbieter jedoch nicht verpflichtet, übermittelte oder gespeicherte fremde Informationen zu überwachen oder nach Umständen zu forschen, die auf eine rechtswidrige Tätigkeit hinweisen.</p>
<p>Verpflichtungen zur Entfernung oder Sperrung der Nutzung von Informationen nach den allgemeinen Gesetzen bleiben hiervon unberührt. Eine diesbezügliche Haftung ist jedoch erst ab dem Zeitpunkt der Kenntnis einer konkreten Rechtsverletzung möglich. Bei Bekanntwerden von entsprechenden Rechtsverletzungen werden wir diese Inhalte umgehend entfernen.</p>
<h3>Haftung für Links</h3>
<p>Unser Angebot enthält Links zu externen Websites Dritter, auf deren Inhalte wir keinen Einfluss haben. Deshalb können wir für diese fremden Inhalte auch keine Gewähr übernehmen. Für die Inhalte der verlinkten Seiten ist stets der jeweilige Anbieter oder Betreiber der Seiten verantwortlich. Die verlinkten Seiten wurden zum Zeitpunkt der Verlinkung auf mögliche Rechtsverstöße überprüft. Rechtswidrige Inhalte waren zum Zeitpunkt der Verlinkung nicht erkennbar.</p>
<p>Eine permanente inhaltliche Kontrolle der verlinkten Seiten ist jedoch ohne konkrete Anhaltspunkte einer Rechtsverletzung nicht zumutbar. Bei Bekanntwerden von Rechtsverletzungen werden wir derartige Links umgehend entfernen.</p>
<h3>Urheberrecht</h3>
<p>Die durch die Seitenbetreiber erstellten Inhalte und Werke auf diesen Seiten unterliegen dem deutschen Urheberrecht. Die Vervielfältigung, Bearbeitung, Verbreitung und jede Art der Verwertung außerhalb der Grenzen des Urheberrechtes bedürfen der schriftlichen Zustimmung des jeweiligen Autors bzw. Erstellers. Downloads und Kopien dieser Seite sind nur für den privaten, nicht kommerziellen Gebrauch gestattet.</p>
<p>Soweit die Inhalte auf dieser Seite nicht vom Betreiber erstellt wurden, werden die Urheberrechte Dritter beachtet. Insbesondere werden Inhalte Dritter als solche gekennzeichnet. Sollten Sie trotzdem auf eine Urheberrechtsverletzung aufmerksam werden, bitten wir um einen entsprechenden Hinweis. Bei Bekanntwerden von Rechtsverletzungen werden wir derartige Inhalte umgehend entfernen.</p>
<p>Quelle: <a href="https://www.e-recht24.de">e-recht24.de</a>
    </div>[/vc_column][/vc_row][vc_row][vc_column]    <div class="textblock"></p>
<h2>Bildquellen:</h2>
<ul>
<li>Tanja Ghirardini | <a href="http://www.taghira.de/" target="_blank" rel="noopener noreferrer">www.taghira.de</a></li>
<li>WINGMEN Media | <a href="https://www.wingmenmedia.de/" target="_blank" rel="noopener noreferrer">www.wingmenmedia.de</a></li>
<li>Ulli Seer | <a href="http://ulli-seer.de/" target="_blank" rel="noopener noreferrer">ulli-seer.de</a></li>
<li>Paul Mayall</li>
<li>Michaela Röpke</li>
<li>Julia Kolibius</li>
<li>Maria Bauer</li>
<li>Siegfried Kerscher</li>
<li>Markus Aichhorn &#8211; <a href="https://www.kuse.de/" target="_blank" rel="noopener noreferrer">KUSE.DE</a></li>
</ul>
<p>
    </div>    <div class="textblock"></p>
<h2>Website Management</h2>
<p>Mindplay Marketing GmbH<br />
Nymphenburger Straße 25<br />
80335 München<br />
Telefon: <a>+49 (0)89-5432-4500<br />
</a>Email: <a href="mailto:servus@mindplay-marketing.com">servus@mindplay-marketing.com</a><br />
Web: <a href="https://mindplay-marketing.com/" target="_blank" rel="noopener noreferrer">mindplay-marketing.com</a>
    </div>    <div class="textblock"></p>
<h2>Konzept, Design und Entwicklung</h2>
<p>nexxo &#8211; web agency<br />
Prinzregentenstr. 89<br />
81675 München<a><br />
</a>E-Mail: <a href="mailto:mail@nexxo.de">mail@nexxo.de</a><br />
Web: <a href="https://nexxo.de" target="_blank" rel="noopener noreferrer">nexxo.de</a>
    </div>    <div class="textblock"></p>
<h3><a href="https://www.prienavera.de/wp-content/uploads/2026/04/2.9.1-haus-und-badeordnung.pdf">2.9.1 Haus- und Badeordnung</a></h3>
<p>
    </div>[/vc_column][/vc_row]</p>
